e
Is 16/(-90)*(-51)/68 + (-11434372)/(-60) a composite number?
False
Suppose 30700 + 33740 = 72*x. Is x a composite number?
True
Suppose 3*z - 43 = 2*m, 8 = -2*m + z - 5*z. Let j be (-119)/(-49) - (-6)/m. Suppose 0*s - j*s + 4*k + 1018 = 0, -2569 = -5*s + 2*k. Is s a composite number?
True
Let p be (-1)/(-1)*(11 + -18). Let f(d) = -d**2 - 17*d - 14. Let a be f(p). Suppose 5 = -q + a. Is q prime?
False
Let s be 189/15 - 4/(-10). Let y = s + -11. Is y*((-4)/18 - 441085/(-342)) a composite number?
False
Suppose -2*l + 5*m - 403460 = 0, 5*m + 133371 + 875244 = -5*l. Is (2/(-10))/(5/l) a composite number?
False
Let k(f) = -7667*f - 3922. Is k(-9) prime?
False
Suppose -2*t - 2*b = -118084, -4*t = t - b - 295240. Is t composite?
True
Suppose -y - 3*f = 18, 0*f + 107 = -4*y - 5*f. Let x be y*(-4 + (-1 - 4)). Let s = 82 + x. Is s composite?
False
Let p = 171 + -168. Let w(o) = 394*o + 67. Is w(p) a prime number?
True
Let a = 7566 + -5137. Is a prime?
False
Suppose 3*z + 2*i = 12570, 0 = 5*z - z + 3*i - 16760. Is (10/((-60)/9))/((-3)/z) a composite number?
True
Let w(k) = 13 - 14*k + k**3 + 50*k**2 + 4*k - 46*k**2. Let s be w(-9). Let c = -191 - s. Is c a composite number?
True
Suppose -3*h - 4*j = 13281 - 166446, -51068 = -h + 3*j. Is h a composite number?
False
Let y = -1636359 - -3818608. Is y composite?
False
Let f(p) = 2*p**2 - 7*p + 6. Let x be f(3). Suppose 0*y = x*y. Suppose -3*u + u + 130 = y. Is u a composite number?
True
Suppose -4*p + 7*p + 2*k = 315967, 0 = 4*k - 20. Is p a composite number?
False
Let c(p) = 108947*p - 423. Is c(2) composite?
True
Let k = -737 + 741. Suppose -3*w = 5*r - 8893, -k*r - w - 3*w + 7108 = 0. Is r a composite number?
True
Let c be 4/12*-3*3. Let r(f) = f**2 + 3*f + 5. Let g be r(c). Suppose g*w - 5*t = 1763 - 98, -3*t = -2*w + 662. Is w prime?
True
Let l = -608 - -611. Suppose -13*m + l*m = -79410. Is m a prime number?
False
Is (210854021/(-574))/((-2)/4) a prime number?
False
Let l(f) = -f**3 + 8*f**2 - 11*f - 4. Let w be l(6). Suppose 0*x + 3*b = x - 225, w*x - 2*b = 438. Let i = x + 7. Is i prime?
True
Is 13202 + -19 + (-8)/(-1) a composite number?
True
Let b be -1 - 2 - (94 + 2). Let o = -87 - b. Is 31264/o*18/12 + -1 prime?
True
Suppose 7*l - 147*l + 18645620 = 0. Is l composite?
False
Let f(l) = -7*l**2 + 4*l - 55. Let h(k) = -k**3 + 21*k**2 - 11*k + 166. Let y(v) = -11*f(v) - 4*h(v). Is y(6) a prime number?
False
Let f(p) be the third derivative of 29*p**4/8 - 7*p**3/6 - 34*p**2. Let a be (-1 - -2)/(1/3). Is f(a) prime?
False
Is 7*1 + (1593151 - -20)*(-1)/(-9) a composite number?
True
Let t(m) = -900*m**3 - 10*m**2 - 15*m + 251. Is t(-10) a composite number?
False
Is 4/22 + 217482390/946 prime?
True
Let n = -2933 - -336. Let h = -327 - 1453. Let f = h - n. Is f a composite number?
True
Let r = 176350 + 426841. Is r a prime number?
True
Let j(z) = 2*z**2 + 8*z + 3. Let c be j(-3). Let t be -2 - ((-17)/3 - 2/c). Suppose 3*h - 2*x = 9089, t*x = 8*h - 3*h - 15147. Is h a prime number?
False
Let b(j) = -4*j + 12. Let s be b(4). Let i(c) = 103*c**2 + 3*c - 5. Is i(s) a composite number?
True
Let b(x) = -358*x - 206. Let c be b(-6). Let r = 2793 - c. Is r a composite number?
True
Let y = -1370 + 10762. Suppose -58148 = -12*t - y. Is t prime?
False
Suppose -1343545 = -3*y - 41*y + 3405067. Is y a composite number?
False
Let w(y) = 494*y**2 - 415*y - 5340. Is w(-13) a composite number?
True
Let i = 6711 + 1500. Suppose 20*o - 10009 = i. Is o composite?
False
Let f = 29081 + 11872. Suppose 32*p - f - 28199 = 0. Is p prime?
True
Let a(k) = -591*k + 100. Let m be a(-11). Suppose 5502 = y - z, -3*z + m = 2*y - 4378. Is y a composite number?
True
Let y(l) = -35*l + 874141. Is y(0) a prime number?
False
Is 187/(-561) - (635905/45)/(2/(-12)) prime?
True
Let r(j) = 1991*j + 2512. Is r(79) prime?
False
Let w(m) = -387*m**2 - 12*m + 2. Let z(h) = 772*h**2 + 24*h - 4. Let j(l) = 7*w(l) + 4*z(l). Is j(2) composite?
True
Let w be (-5)/((-10)/52) + (3 - 4). Suppose 11*v = w + 19. Suppose o = -3*y + 14841 + 423, v*o - 20344 = -4*y. Is y a composite number?
True
Let z(o) = 35618*o + 315. Is z(1) a prime number?
True
Suppose -3*j + 156247 = -2*q, 109*q - 107*q = 5*j - 260409. Is j prime?
True
Suppose -1427*l + 2845*l - 1447*l + 7343641 = 0. Is l prime?
True
Suppose 133*k - 5957468 = 14514158. Is k a composite number?
True
Suppose -3*t + 3*x = -0*t - 210, t = -2*x + 67. Suppose -3*n - 4*b = -311, -2*n + 3*b + t + 161 = 0. Suppose -2*d + 1593 = -n. Is d a composite number?
True
Suppose 0 = -11*o - 15*o + 33*o - 482741. Is o a prime number?
True
Let m = -295 + 311. Suppose m*k = 13820 + 34164. Is k composite?
False
Let q(d) be the third derivative of -d**5/30 - d**4/3 - d**3 - 9*d**2. Let b be q(-3). Suppose -w + 39 = -b*w. Is w a composite number?
True
Let f be 2/(-14) + (-78440)/(-280). Is ((-6)/4)/1 + 2117500/f a composite number?
False
Let n be -3*(-4 - (-1 - -5)). Is 132209/28 - 18/n prime?
True
Let z(f) = 96*f**2 - 3*f - 30. Let b = -84 + 75. Is z(b) a composite number?
True
Is 1 - 2 - (-7930)/13*833 prime?
True
Suppose -2*k = -4*d - 105122, -20*d = 2*k - 21*d - 105131. Is k prime?
True
Suppose 2*b - 7*b - 1365 = 0. Let f = 637 + -464. Let h = f - b. Is h a prime number?
False
Suppose 4*b + 24 = -0*b. Let n(m) = -m**2 + 11*m - 3. Let j(y) = -y**2 - y + 2. Let l(a) = -2*j(a) - n(a). Is l(b) a prime number?
False
Let m be (1314*(-2)/(-4))/(3/2). Let n be (-3)/4 - m/(-8). Let d = 668 - n. Is d a composite number?
True
Suppose 5 = 5*a - 10. Is 20/5 - a - -156 composite?
False
Let b = -46561 + 419254. Is b composite?
True
Let a = 274410 + -136873. Is a a composite number?
False
Let n(l) = -5*l**3 + 11*l**2 + l + 37. Let w be n(-11). Suppose 65*j - 63*j = -w. Let p = j + 5967. Is p a prime number?
False
Let r(g) = 9892*g + 51. Is r(1) a prime number?
False
Let u = -34 + 77. Suppose 0 = -5*t - 10, -107 = -3*a - 10*t + 5*t. Let i = a + u. Is i composite?
True
Let b = 30 + -33. Let l be -3*(-3 - 4/b). Suppose 2*a - 7*a - t = -1049, 0 = -l*a - 4*t + 1061. Is a a composite number?
True
Let v(t) be the third derivative of 26*t**5/15 + 11*t**4/24 + 8*t**3/3 - 38*t**2. Is v(-5) a composite number?
True
Let x = 3739 - -77172. Suppose -m = 4*m + b - x, -16 = 4*b. Is m a prime number?
True
Suppose -30 = 9*r - 4*r. Let b be ((-4)/r)/((-1)/(-1047)). Let a = b + -379. Is a a prime number?
False
Let i = 71147 - 38676. Suppose i = 7*h + 12*h. Is h a prime number?
True
Suppose -138*n = -40*n - 939526. Is n composite?
False
Let b = 516758 - 309169. Is b a composite number?
False
Suppose 3*u = -4*k + 823531, -2*k + 68748 = -2*u - 343000. Is k composite?
False
Suppose 8*v - 5263057 = -v - 10*v. Is v prime?
True
Let x = 249 + -108. Let c = x - 139. Is ((-24350)/(-100))/(0 - c/(-4)) a prime number?
True
Suppose 3*f - 21 = -3*u, -2*f + 1 = 3*u - 3*f. Suppose -498 = -2*n + u*i, -3*n - 4*i = -536 - 211. Suppose -465 = -6*z + n. Is z composite?
True
Suppose 20*m = 37*m + 266832. Let f = m - -24437. Is f composite?
False
Suppose -4*o - 4928 = -6*o. Suppose -3*g - g = -o. Let d = -390 + g. Is d a prime number?
False
Let d = 3228 - -92375. Is d composite?
False
Suppose 22371339 = 95*k + 3337424. Is k a composite number?
False
Let i(n) = 106*n**3 - n**2 - 10*n. Suppose 4*v = 22*v - 54. Is i(v) a prime number?
False
Suppose -16*c - 79980 = -370652. Is c composite?
True
Suppose 4*r = 3*r + 498. Let v = r - 193. Is v composite?
True
Suppose 240 - 48 = 3*p + t, -p + 5*t + 64 = 0. Let d = -62 + p. Suppose d*h - 6*h + 88 = 3*a, h + a - 23 = 0. Is h prime?
True
Suppose -27*i = -18*i + 477. Let s = i - -57. Suppose 3*z = -0*z - 5*v + 773, s*v + 988 = 4*z. Is z composite?
False
Let r(d) = -d**3 - 12*d**2 + d - 8. Let g be r(-12). Let j = g + 19. Is 59 + (1 + j)/(-2) prime?
True
Suppose 78*u + 940 = 82*u. Suppose u = 6*r - 305. Suppose -8*l + 2*l + r = 0. Is l a composite number?
True
Is 7/((-7)/(-1337793))*(7 - (-126)/(-27)) composite?
True
Suppose s + 2 = 5. Let p be (-1 - (-2600)/12) + 1/s. Suppose 2*l - 347 = -3*l - 4*a, -3*l = 5*a - p. Is l a prime number?
True
Is ((-12)/45)/(6/(-5)) - (-795678789)/513 prime?
False
Let h(x) = 9 + 29*x**2 - 14 + 33*x**2 - 12. Let s be h(5). Suppose -5*l - s = -8*l. Is l composite?
True
Let q = 54370 - -46592. Suppose -5*i + 23*i - 